sor of 2821 and 10358309?
403
What is the highest common factor of 15 and 31859985?
15
Calculate the greatest common divisor of 1770 and 344730.
30
What is the highest common factor of 346571093 and 8591?
781
What is the greatest common factor of 157209 and 2530047?
1131
What is the highest common divisor of 15915060 and 12?
12
What is the highest common divisor of 2184 and 6551376?
312
What is the greatest common divisor of 136843 and 16887059?
791
What is the greatest common divisor of 16 and 1018107280?
16
Calculate the greatest common factor of 601899 and 507999.
939
Calculate the highest common divisor of 43183 and 110019.
217
What is the highest common factor of 162093 and 1316979?
213
What is the greatest common factor of 17688 and 189117148?
2948
Calculate the greatest common divisor of 23 and 902317899.
23
Calculate the greatest common factor of 1742 and 8540909.
13
What is the greatest common factor of 51854710 and 17215?
1565
Calculate the greatest common divisor of 972499 and 55.
11
Calculate the highest common divisor of 1269 and 16376821.
47
What is the greatest common factor of 36406164 and 12?
12
Calculate the greatest common divisor of 350 and 98111300.
350
What is the greatest common divisor of 2226 and 6523230?
42
What is the greatest common factor of 1015896 and 105?
21
What is the highest common divisor of 10714 and 463225147?
5357
What is the highest common divisor of 1414013 and 76391?
1559
Calculate the greatest common divisor of 179 and 1015774343.
179
Calculate the highest common factor of 801845 and 4819.
61
What is the highest common factor of 153 and 6981509?
17
What is the greatest common divisor of 17844 and 796956?
12
Calculate the greatest common factor of 1093 and 133387.
1
Calculate the highest common factor of 3829086 and 1026.
54
What is the highest common factor of 80 and 70608?
16
What is the highest common factor of 3871448 and 50841?
1883
What is the greatest common factor of 3712 and 1543496?
232
What is the greatest common factor of 43600502 and 41492?
506
What is the greatest common divisor of 4015850 and 200?
50
Calculate the highest common divisor of 92204226 and 2142.
306
Calculate the highest common divisor of 91668936 and 112680.
7512
What is the highest common factor of 987591 and 363?
33
Calculate the greatest common factor of 303045214 and 501.
167
Calculate the highest common factor of 52 and 375034660.
52
What is the greatest common divisor of 98636385 and 510?
15
What is the greatest common divisor of 20479620 and 5320?
140
What is the highest common divisor of 1804 and 139359902?
902
What is the greatest common divisor of 2268 and 178212636?
2268
Calculate the highest common factor of 8285731 and 13981.
41
Calculate the greatest common divisor of 814 and 1348391.
407
What is the greatest common divisor of 46070 and 8771660?
170
Calculate the greatest common divisor of 33920 and 1430735.
265
Calculate the highest common divisor of 414774 and 16045609.
7681
Calculate the greatest common divisor of 1548 and 1579266.
18
Calculate the greatest common factor of 7235 and 79015.
5
Calculate the greatest common factor of 5116977 and 114525.
4581
What is the highest common divisor of 333908 and 32?
4
What is the highest common divisor of 1137 and 10042363?
379
Calculate the greatest common factor of 178212 and 4068.
12
What is the greatest common factor of 119185378 and 55712?
3482
Calculate the greatest common factor of 8716722 and 60.
6
What is the highest common factor of 46371 and 169?
13
What is the highest common factor of 473 and 3540746?
11
What is the greatest common factor of 39713188 and 2768?
692
What is the highest common factor of 153811 and 6891997?
2107
Calculate the greatest common divisor of 1031 and 133152619.
1031
Calculate the greatest common divisor of 529 and 5946949.
23
What is the greatest common divisor of 2508524 and 348?
4
What is the highest common divisor of 434991022 and 1446?
482
Calculate the highest common factor of 323934 and 16822.
26
Calculate the greatest common divisor of 14651 and 80818297.
1127
What is the greatest common divisor of 1892352 and 3300?
132
What is the greatest common divisor of 975104 and 242944?
3328
What is the highest common divisor of 19153 and 1487407?
107
What is the highest common factor of 1370142 and 2376?
54
What is the highest common factor of 868 and 2720932?
124
What is the highest common factor of 182482680 and 96?
24
What is the greatest common factor of 11955422 and 4028?
106
Calculate the highest common divisor of 343910 and 9450.
70
Calculate the highest common factor of 2140 and 122080.
20
Calculate the highest common divisor of 242913 and 45441.
561
Calculate the greatest common divisor of 222763404 and 1179.
393
Calculate the greatest common factor of 957397 and 406791.
4109
Calculate the greatest common divisor of 2340393 and 891.
33
What is the greatest common divisor of 34 and 394855277?
17
Calculate the highest common divisor of 77 and 92033920.
11
Calculate the highest common factor of 88764870 and 30.
30
Calculate the greatest common factor of 225 and 412146.
9
What is the greatest common divisor of 267 and 75213277?
89
Calculate the greatest common factor of 500 and 55581125.
125
What is the highest common factor of 344 and 4191416?
8
Calculate the highest common divisor of 128994374 and 1084.
542
Calculate the highest common divisor of 1790057 and 356.
89
What is the highest common factor of 70379084 and 1636?
1636
What is the highest common divisor of 58637 and 171518?
191
Calculate the greatest common divisor of 603 and 10876780.
67
What is the highest common factor of 44 and 244467476?
44
Calculate the greatest common divisor of 810572 and 616.
28
Calculate the greatest common divisor of 1115665 and 265.
5
Calculate the greatest common divisor of 2010 and 22287081.
201
What is the greatest common factor of 3253453 and 316106?
469
Calculate the highest common divisor of 17176 and 3537126.
226
What is the greatest common divisor of 421385888 and 44420?
8884
What is the highest common factor of 819 and 45276?
21
Calculate the greatest common factor of 314785 and 328915.
785
What is the highest common factor of 566764 and 91960?
484
What is the highest common divisor of 3560 and 100963736?
712
Calculate the greatest common divisor of 21413808 and 66.
6
What is the greatest common divisor of 25551302 and 102184?
482
Calculate the greatest common divisor of 57 and 1328169711.
57
What is the highest common divisor of 384 and 2301216?
96
Calculate the greatest common divisor of 3 and 28659129.
3
Calculate the greatest common factor of 2086 and 1857583.
1043
What is the highest common divisor of 557625 and 2190351?
4461
What is the greatest common factor of 15675024 and 48?
48
What is the greatest common divisor of 731580 and 138918?
822
What is the greatest common factor of 1613965 and 59696?
41
Calculate the greatest common factor of 3398213 and 143.
13
Calculate the greatest common divisor of 27229 and 11939357.
373
What is the highest common divisor of 2331369 and 4503?
237
Calculate the greatest common factor of 1827 and 10374021.
63
Calculate the greatest common divisor of 23310 and 385424190.
3330
Calculate the greatest common factor of 199424739 and 255.
51
Calculate the highest common factor of 2792 and 538546088.
2792
What is the highest common divisor of 3568 and 888656?
16
Calculate the greatest common divisor of 729 and 6649695.
243
What is the highest common factor of 113373 and 100113?
663
What is the greatest common divisor of 11507 and 3529311970?
11507
Calculate the highest common factor of 77 and 2671713.
11
What is the greatest common factor of 16 and 106136496?
16
Calculate the greatest common factor of 21 and 15448321.
7
What is the highest common divisor of 17370444 and 2184?
1092
Calculate the greatest common divisor of 1504 and 7916928.
32
What is the greatest common divisor of 2473360 and 128?
16
Calculate the highest common factor of 10 and 361320.
10
What is the highest common factor of 181385875 and 3498?
583
Calculate the highest common factor of 738574 and 779.
41
What is the highest common divisor of 15053480 and 208?
104
Calculate the highest common divisor of 18054289 and 393.
131
C